{"id":188,"date":"2023-02-07T08:57:12","date_gmt":"2023-02-07T07:57:12","guid":{"rendered":"https:\/\/gov.multi.system-testowy.pl\/?page_id=188"},"modified":"2024-05-20T13:23:34","modified_gmt":"2024-05-20T11:23:34","slug":"panel-uzytkownika","status":"publish","type":"page","link":"https:\/\/multiportalgov.bonasoft.pl\/centrumeuslug\/panel-uzytkownika\/","title":{"rendered":"Panel u\u017cytkownika"},"content":{"rendered":"\n\n\n\n<div class=\"wp-block-columns alignwide is-layout-flex wp-container-core-columns-is-layout-4 wp-block-columns-is-layout-flex\">\n<div class=\"wp-block-column is-layout-flow wp-block-column-is-layout-flow\">\n<div class=\"wp-block-group maincard has-border-color has-global-padding is-layout-constrained wp-container-core-group-is-layout-1 wp-block-group-is-layout-constrained\" style=\"border-color:#d6ddf3;border-width:1px;border-radius:8px;padding-top:var(--wp--preset--spacing--30);padding-right:var(--wp--preset--spacing--30);padding-bottom:var(--wp--preset--spacing--30);padding-left:var(--wp--preset--spacing--30)\">\n<div class=\"wp-block-columns alignwide is-layout-flex wp-container-core-columns-is-layout-1 wp-block-columns-is-layout-flex\">\n<div class=\"wp-block-column is-layout-flow wp-block-column-is-layout-flow\" style=\"flex-basis:15%\">\n<figure class=\"wp-block-image size-full\"><img decoding=\"async\" src=\"https:\/\/gov.multi.system-testowy.pl\/wp-content\/uploads\/sites\/5\/2023\/02\/icon-color.png\" alt=\"ikona\" class=\"wp-image-587\"\/><\/figure>\n<\/div>\n\n\n\n<div class=\"wp-block-column is-layout-flow wp-block-column-is-layout-flow\" style=\"flex-basis:66.66%\">\n<h3 class=\"wp-block-heading\">Moje dane<\/h3>\n\n\n\n<p>Tutaj sprawdzisz szczeg\u00f3\u0142y swojego konta jako Podatnik<br><\/p>\n\n\n\n<p><a href=\"https:\/\/multiportalgov.bonasoft.pl\/centrumeuslug\/panel-uzytkownika\/moje-dane\/\" data-type=\"page\" data-id=\"167\">Przejd\u017a do swoich danych kontrahenta<\/a><\/p>\n<\/div>\n<\/div>\n<\/div>\n<\/div>\n\n\n\n<div class=\"wp-block-column is-layout-flow wp-block-column-is-layout-flow\">\n<div class=\"wp-block-group maincard has-border-color has-global-padding is-layout-constrained wp-container-core-group-is-layout-2 wp-block-group-is-layout-constrained\" style=\"border-color:#d6ddf3;border-width:1px;border-radius:8px;padding-top:var(--wp--preset--spacing--30);padding-right:var(--wp--preset--spacing--30);padding-bottom:var(--wp--preset--spacing--30);padding-left:var(--wp--preset--spacing--30)\">\n<div class=\"wp-block-columns is-layout-flex wp-container-core-columns-is-layout-2 wp-block-columns-is-layout-flex\">\n<div class=\"wp-block-column is-layout-flow wp-block-column-is-layout-flow\" style=\"flex-basis:15%\">\n<figure class=\"wp-block-image size-full\"><img loading=\"lazy\" decoding=\"async\" width=\"40\" height=\"40\" src=\"http:\/\/multiportalgov.bonasoft.pl\/centrumeuslug\/wp-content\/uploads\/sites\/19\/2024\/03\/bell-ring-outline.png\" alt=\"\" class=\"wp-image-520\"\/><\/figure>\n<\/div>\n\n\n\n<div class=\"wp-block-column is-layout-flow wp-block-column-is-layout-flow\" style=\"flex-basis:66.66%\">\n<h3 class=\"wp-block-heading\">Moje powiadomienia<\/h3>\n\n\n\n<p>Tutaj skonfigurujesz i sprawdzisz swoje powiadomienia<br><\/p>\n\n\n\n<p><a href=\"https:\/\/multiportalgov.bonasoft.pl\/centrumeuslug\/panel-uzytkownika\/moje-powiadomienia\/\" data-type=\"page\" data-id=\"491\">Przejd\u017a do swoich powiadomie\u0144<\/a><\/p>\n<\/div>\n<\/div>\n<\/div>\n<\/div>\n\n\n\n<div class=\"wp-block-column is-layout-flow wp-block-column-is-layout-flow\">\n<div class=\"wp-block-group maincard has-border-color has-global-padding is-layout-constrained wp-container-core-group-is-layout-3 wp-block-group-is-layout-constrained\" style=\"border-color:#d6ddf3;border-width:1px;border-radius:8px;padding-top:var(--wp--preset--spacing--30);padding-right:var(--wp--preset--spacing--30);padding-bottom:var(--wp--preset--spacing--30);padding-left:var(--wp--preset--spacing--30)\">\n<div class=\"wp-block-columns is-layout-flex wp-container-core-columns-is-layout-3 wp-block-columns-is-layout-flex\">\n<div class=\"wp-block-column is-layout-flow wp-block-column-is-layout-flow\" style=\"flex-basis:15%\">\n<figure class=\"wp-block-image size-full\"><img loading=\"lazy\" decoding=\"async\" width=\"40\" height=\"40\" src=\"http:\/\/multiportalgov.bonasoft.pl\/centrumeuslug\/wp-content\/uploads\/sites\/19\/2024\/03\/account-group-outline.png\" alt=\"\" class=\"wp-image-528\"\/><\/figure>\n<\/div>\n\n\n\n<div class=\"wp-block-column is-layout-flow wp-block-column-is-layout-flow\" style=\"flex-basis:66.66%\">\n<h3 class=\"wp-block-heading\">Powi\u0105\u017c konto<\/h3>\n\n\n\n<p>Je\u015bli na twojej li\u015bcie podmiot\u00f3w czego\u015b brakuje, z\u0142\u00f3\u017c wniosek o powi\u0105zanie konta.<\/p>\n\n\n\n<p><a href=\"https:\/\/multiportalgov.bonasoft.pl\/centrumeuslug\/brak-dopasowania\/\" data-type=\"page\" data-id=\"218\">Przejd\u017a do formularzy<\/a><\/p>\n<\/div>\n<\/div>\n<\/div>\n<\/div>\n<\/div>\n\n\n\n<div class=\"wp-block-columns alignwide is-layout-flex wp-container-core-columns-is-layout-8 wp-block-columns-is-layout-flex\">\n<div class=\"wp-block-column is-layout-flow wp-block-column-is-layout-flow\">\n<div class=\"wp-block-group maincard has-border-color has-global-padding is-layout-constrained wp-container-core-group-is-layout-4 wp-block-group-is-layout-constrained\" style=\"border-color:#d6ddf3;border-width:1px;border-radius:8px;padding-top:var(--wp--preset--spacing--30);padding-right:var(--wp--preset--spacing--30);padding-bottom:var(--wp--preset--spacing--30);padding-left:var(--wp--preset--spacing--30)\">\n<div class=\"wp-block-columns is-layout-flex wp-container-core-columns-is-layout-5 wp-block-columns-is-layout-flex\">\n<div class=\"wp-block-column is-layout-flow wp-block-column-is-layout-flow\" style=\"flex-basis:15%\">\n<figure class=\"wp-block-image size-full\"><img decoding=\"async\" src=\"https:\/\/gov.multi.system-testowy.pl\/wp-content\/uploads\/sites\/5\/2023\/02\/icon-color-1.png\" alt=\"ikona\" class=\"wp-image-614\"\/><\/figure>\n<\/div>\n\n\n\n<div class=\"wp-block-column is-layout-flow wp-block-column-is-layout-flow\" style=\"flex-basis:66.66%\">\n<h3 class=\"wp-block-heading\">Moje nale\u017cno\u015bci podatkowe<\/h3>\n\n\n\n<p>Tutaj sprawdzisz szczeg\u00f3\u0142y swojego konta jako Podatnik<br><\/p>\n\n\n\n<p><a href=\"https:\/\/multiportalgov.bonasoft.pl\/centrumeuslug\/panel-uzytkownika\/moje-naleznosci\/\" data-type=\"page\" data-id=\"173\">Przejd\u017a do swoich nale\u017cno\u015bci kontrahenta<\/a><\/p>\n<\/div>\n<\/div>\n<\/div>\n<\/div>\n\n\n\n<div class=\"wp-block-column is-layout-flow wp-block-column-is-layout-flow\">\n<div class=\"wp-block-group maincard has-border-color has-global-padding is-layout-constrained wp-container-core-group-is-layout-5 wp-block-group-is-layout-constrained\" style=\"border-color:#d6ddf3;border-width:1px;border-radius:8px;padding-top:var(--wp--preset--spacing--30);padding-right:var(--wp--preset--spacing--30);padding-bottom:var(--wp--preset--spacing--30);padding-left:var(--wp--preset--spacing--30)\">\n<div class=\"wp-block-columns is-layout-flex wp-container-core-columns-is-layout-6 wp-block-columns-is-layout-flex\">\n<div class=\"wp-block-column is-layout-flow wp-block-column-is-layout-flow\" style=\"flex-basis:15%\">\n<figure class=\"wp-block-image size-full\"><img decoding=\"async\" src=\"https:\/\/gov.multi.system-testowy.pl\/wp-content\/uploads\/sites\/5\/2023\/02\/icon-color-1.png\" alt=\"ikona\" class=\"wp-image-614\"\/><\/figure>\n<\/div>\n\n\n\n<div class=\"wp-block-column is-layout-flow wp-block-column-is-layout-flow\" style=\"flex-basis:66.66%\">\n<h3 class=\"wp-block-heading\">Op\u0142aty na \u017c\u0105danie<\/h3>\n\n\n\n<p>Tutaj wniesiesz op\u0142aty na \u017c\u0105danie (np. op\u0142aty skarbowe za z\u0142o\u017cenie wniosku.<\/p>\n\n\n\n<p><a href=\"https:\/\/multiportalgov.bonasoft.pl\/centrumeuslug\/oplaty-na-zadanie\/\" data-type=\"page\" data-id=\"556\">Przejd\u017a do op\u0142at na \u017c\u0105danie<\/a><\/p>\n<\/div>\n<\/div>\n<\/div>\n<\/div>\n\n\n\n<div class=\"wp-block-column is-layout-flow wp-block-column-is-layout-flow\">\n<div class=\"wp-block-group maincard has-border-color has-global-padding is-layout-constrained wp-container-core-group-is-layout-6 wp-block-group-is-layout-constrained\" style=\"border-color:#d6ddf3;border-width:1px;border-radius:8px;padding-top:var(--wp--preset--spacing--30);padding-right:var(--wp--preset--spacing--30);padding-bottom:var(--wp--preset--spacing--30);padding-left:var(--wp--preset--spacing--30)\">\n<div class=\"wp-block-columns is-layout-flex wp-container-core-columns-is-layout-7 wp-block-columns-is-layout-flex\">\n<div class=\"wp-block-column is-layout-flow wp-block-column-is-layout-flow\" style=\"flex-basis:15%\">\n<figure class=\"wp-block-image size-full\"><img decoding=\"async\" src=\"https:\/\/gov.multi.system-testowy.pl\/wp-content\/uploads\/sites\/5\/2023\/02\/icon-color-2.png\" alt=\"ikona\" class=\"wp-image-620\"\/><\/figure>\n<\/div>\n\n\n\n<div class=\"wp-block-column is-layout-flow wp-block-column-is-layout-flow\" style=\"flex-basis:66.66%\">\n<h3 class=\"wp-block-heading\">Historia p\u0142atno\u015bci<\/h3>\n\n\n\n<p>Tutaj sprawdzisz histori\u0119 transakcji wykonanych w systemie.<\/p>\n\n\n\n<p><a href=\"https:\/\/multiportalgov.bonasoft.pl\/centrumeuslug\/panel-uzytkownika\/historia-platnosci\/\" data-type=\"page\" data-id=\"179\">Przejd\u017a do swojej historii p\u0142atno\u015bci<\/a><\/p>\n<\/div>\n<\/div>\n<\/div>\n<\/div>\n<\/div>\n","protected":false},"excerpt":{"rendered":"<p>Moje dane Tutaj sprawdzisz szczeg\u00f3\u0142y swojego konta jako Podatnik Przejd\u017a do swoich danych kontrahenta Moje powiadomienia Tutaj skonfigurujesz i sprawdzisz swoje powiadomienia Przejd\u017a do swoich powiadomie\u0144 Powi\u0105\u017c konto Je\u015bli na twojej li\u015bcie podmiot\u00f3w czego\u015b brakuje, z\u0142\u00f3\u017c wniosek o powi\u0105zanie konta. Przejd\u017a do formularzy Moje nale\u017cno\u015bci podatkowe Tutaj sprawdzisz szczeg\u00f3\u0142y swojego konta jako Podatnik Przejd\u017a do [&hellip;]<\/p>\n","protected":false},"author":2,"featured_media":0,"parent":0,"menu_order":0,"comment_status":"closed","ping_status":"closed","template":"","meta":{"_acf_changed":false,"inline_featured_image":false,"_uag_custom_page_level_css":"","footnotes":""},"class_list":["post-188","page","type-page","status-publish","hentry"],"acf":[],"yoast_head":"<!-- This site is optimized with the Yoast SEO plugin v26.2 - https:\/\/yoast.com\/wordpress\/plugins\/seo\/ -->\n<title>Panel u\u017cytkownika - Centrum e-Us\u0142ug<\/title>\n<meta name=\"robots\" content=\"index, follow, max-snippet:-1, max-image-preview:large, max-video-preview:-1\" \/>\n<link rel=\"canonical\" href=\"https:\/\/multiportalgov.bonasoft.pl\/centrumeuslug\/panel-uzytkownika\/\" \/>\n<meta property=\"og:locale\" content=\"pl_PL\" \/>\n<meta property=\"og:type\" content=\"article\" \/>\n<meta property=\"og:title\" content=\"Panel u\u017cytkownika - Centrum e-Us\u0142ug\" \/>\n<meta property=\"og:description\" content=\"Moje dane Tutaj sprawdzisz szczeg\u00f3\u0142y swojego konta jako Podatnik Przejd\u017a do swoich danych kontrahenta Moje powiadomienia Tutaj skonfigurujesz i sprawdzisz swoje powiadomienia Przejd\u017a do swoich powiadomie\u0144 Powi\u0105\u017c konto Je\u015bli na twojej li\u015bcie podmiot\u00f3w czego\u015b brakuje, z\u0142\u00f3\u017c wniosek o powi\u0105zanie konta. Przejd\u017a do formularzy Moje nale\u017cno\u015bci podatkowe Tutaj sprawdzisz szczeg\u00f3\u0142y swojego konta jako Podatnik Przejd\u017a do [&hellip;]\" \/>\n<meta property=\"og:url\" content=\"https:\/\/multiportalgov.bonasoft.pl\/centrumeuslug\/panel-uzytkownika\/\" \/>\n<meta property=\"og:site_name\" content=\"Centrum e-Us\u0142ug\" \/>\n<meta property=\"article:modified_time\" content=\"2024-05-20T11:23:34+00:00\" \/>\n<meta property=\"og:image\" content=\"https:\/\/gov.multi.system-testowy.pl\/wp-content\/uploads\/sites\/5\/2023\/02\/icon-color.png\" \/>\n<meta name=\"twitter:card\" content=\"summary_large_image\" \/>\n<meta name=\"twitter:label1\" content=\"Szacowany czas czytania\" \/>\n\t<meta name=\"twitter:data1\" content=\"1 minuta\" \/>\n<script type=\"application\/ld+json\" class=\"yoast-schema-graph\">{\"@context\":\"https:\/\/schema.org\",\"@graph\":[{\"@type\":\"WebPage\",\"@id\":\"https:\/\/multiportalgov.bonasoft.pl\/centrumeuslug\/panel-uzytkownika\/\",\"url\":\"https:\/\/multiportalgov.bonasoft.pl\/centrumeuslug\/panel-uzytkownika\/\",\"name\":\"Panel u\u017cytkownika - Centrum e-Us\u0142ug\",\"isPartOf\":{\"@id\":\"https:\/\/multiportalgov.bonasoft.pl\/centrumeuslug\/#website\"},\"primaryImageOfPage\":{\"@id\":\"https:\/\/multiportalgov.bonasoft.pl\/centrumeuslug\/panel-uzytkownika\/#primaryimage\"},\"image\":{\"@id\":\"https:\/\/multiportalgov.bonasoft.pl\/centrumeuslug\/panel-uzytkownika\/#primaryimage\"},\"thumbnailUrl\":\"https:\/\/gov.multi.system-testowy.pl\/wp-content\/uploads\/sites\/5\/2023\/02\/icon-color.png\",\"datePublished\":\"2023-02-07T07:57:12+00:00\",\"dateModified\":\"2024-05-20T11:23:34+00:00\",\"breadcrumb\":{\"@id\":\"https:\/\/multiportalgov.bonasoft.pl\/centrumeuslug\/panel-uzytkownika\/#breadcrumb\"},\"inLanguage\":\"pl-PL\",\"potentialAction\":[{\"@type\":\"ReadAction\",\"target\":[\"https:\/\/multiportalgov.bonasoft.pl\/centrumeuslug\/panel-uzytkownika\/\"]}]},{\"@type\":\"ImageObject\",\"inLanguage\":\"pl-PL\",\"@id\":\"https:\/\/multiportalgov.bonasoft.pl\/centrumeuslug\/panel-uzytkownika\/#primaryimage\",\"url\":\"https:\/\/gov.multi.system-testowy.pl\/wp-content\/uploads\/sites\/5\/2023\/02\/icon-color.png\",\"contentUrl\":\"https:\/\/gov.multi.system-testowy.pl\/wp-content\/uploads\/sites\/5\/2023\/02\/icon-color.png\"},{\"@type\":\"BreadcrumbList\",\"@id\":\"https:\/\/multiportalgov.bonasoft.pl\/centrumeuslug\/panel-uzytkownika\/#breadcrumb\",\"itemListElement\":[{\"@type\":\"ListItem\",\"position\":1,\"name\":\"e-Us\u0142ugi\",\"item\":\"https:\/\/multiportalgov.bonasoft.pl\/centrumeuslug\/\"},{\"@type\":\"ListItem\",\"position\":2,\"name\":\"Panel u\u017cytkownika\"}]},{\"@type\":\"WebSite\",\"@id\":\"https:\/\/multiportalgov.bonasoft.pl\/centrumeuslug\/#website\",\"url\":\"https:\/\/multiportalgov.bonasoft.pl\/centrumeuslug\/\",\"name\":\"Centrum e-Us\u0142ug\",\"description\":\"\",\"publisher\":{\"@id\":\"https:\/\/multiportalgov.bonasoft.pl\/centrumeuslug\/#organization\"},\"potentialAction\":[{\"@type\":\"SearchAction\",\"target\":{\"@type\":\"EntryPoint\",\"urlTemplate\":\"https:\/\/multiportalgov.bonasoft.pl\/centrumeuslug\/?s={search_term_string}\"},\"query-input\":{\"@type\":\"PropertyValueSpecification\",\"valueRequired\":true,\"valueName\":\"search_term_string\"}}],\"inLanguage\":\"pl-PL\"},{\"@type\":\"Organization\",\"@id\":\"https:\/\/multiportalgov.bonasoft.pl\/centrumeuslug\/#organization\",\"name\":\"Centrum e-Us\u0142ug\",\"url\":\"https:\/\/multiportalgov.bonasoft.pl\/centrumeuslug\/\",\"logo\":{\"@type\":\"ImageObject\",\"inLanguage\":\"pl-PL\",\"@id\":\"https:\/\/multiportalgov.bonasoft.pl\/centrumeuslug\/#\/schema\/logo\/image\/\",\"url\":\"https:\/\/multiportalgov.bonasoft.pl\/centrumeuslug\/wp-content\/uploads\/sites\/19\/2024\/05\/Frame-1.png\",\"contentUrl\":\"https:\/\/multiportalgov.bonasoft.pl\/centrumeuslug\/wp-content\/uploads\/sites\/19\/2024\/05\/Frame-1.png\",\"width\":248,\"height\":62,\"caption\":\"Centrum e-Us\u0142ug\"},\"image\":{\"@id\":\"https:\/\/multiportalgov.bonasoft.pl\/centrumeuslug\/#\/schema\/logo\/image\/\"}}]}<\/script>\n<!-- \/ Yoast SEO plugin. -->","yoast_head_json":{"title":"Panel u\u017cytkownika - Centrum e-Us\u0142ug","robots":{"index":"index","follow":"follow","max-snippet":"max-snippet:-1","max-image-preview":"max-image-preview:large","max-video-preview":"max-video-preview:-1"},"canonical":"https:\/\/multiportalgov.bonasoft.pl\/centrumeuslug\/panel-uzytkownika\/","og_locale":"pl_PL","og_type":"article","og_title":"Panel u\u017cytkownika - Centrum e-Us\u0142ug","og_description":"Moje dane Tutaj sprawdzisz szczeg\u00f3\u0142y swojego konta jako Podatnik Przejd\u017a do swoich danych kontrahenta Moje powiadomienia Tutaj skonfigurujesz i sprawdzisz swoje powiadomienia Przejd\u017a do swoich powiadomie\u0144 Powi\u0105\u017c konto Je\u015bli na twojej li\u015bcie podmiot\u00f3w czego\u015b brakuje, z\u0142\u00f3\u017c wniosek o powi\u0105zanie konta. Przejd\u017a do formularzy Moje nale\u017cno\u015bci podatkowe Tutaj sprawdzisz szczeg\u00f3\u0142y swojego konta jako Podatnik Przejd\u017a do [&hellip;]","og_url":"https:\/\/multiportalgov.bonasoft.pl\/centrumeuslug\/panel-uzytkownika\/","og_site_name":"Centrum e-Us\u0142ug","article_modified_time":"2024-05-20T11:23:34+00:00","og_image":[{"url":"https:\/\/gov.multi.system-testowy.pl\/wp-content\/uploads\/sites\/5\/2023\/02\/icon-color.png","type":"","width":"","height":""}],"twitter_card":"summary_large_image","twitter_misc":{"Szacowany czas czytania":"1 minuta"},"schema":{"@context":"https:\/\/schema.org","@graph":[{"@type":"WebPage","@id":"https:\/\/multiportalgov.bonasoft.pl\/centrumeuslug\/panel-uzytkownika\/","url":"https:\/\/multiportalgov.bonasoft.pl\/centrumeuslug\/panel-uzytkownika\/","name":"Panel u\u017cytkownika - Centrum e-Us\u0142ug","isPartOf":{"@id":"https:\/\/multiportalgov.bonasoft.pl\/centrumeuslug\/#website"},"primaryImageOfPage":{"@id":"https:\/\/multiportalgov.bonasoft.pl\/centrumeuslug\/panel-uzytkownika\/#primaryimage"},"image":{"@id":"https:\/\/multiportalgov.bonasoft.pl\/centrumeuslug\/panel-uzytkownika\/#primaryimage"},"thumbnailUrl":"https:\/\/gov.multi.system-testowy.pl\/wp-content\/uploads\/sites\/5\/2023\/02\/icon-color.png","datePublished":"2023-02-07T07:57:12+00:00","dateModified":"2024-05-20T11:23:34+00:00","breadcrumb":{"@id":"https:\/\/multiportalgov.bonasoft.pl\/centrumeuslug\/panel-uzytkownika\/#breadcrumb"},"inLanguage":"pl-PL","potentialAction":[{"@type":"ReadAction","target":["https:\/\/multiportalgov.bonasoft.pl\/centrumeuslug\/panel-uzytkownika\/"]}]},{"@type":"ImageObject","inLanguage":"pl-PL","@id":"https:\/\/multiportalgov.bonasoft.pl\/centrumeuslug\/panel-uzytkownika\/#primaryimage","url":"https:\/\/gov.multi.system-testowy.pl\/wp-content\/uploads\/sites\/5\/2023\/02\/icon-color.png","contentUrl":"https:\/\/gov.multi.system-testowy.pl\/wp-content\/uploads\/sites\/5\/2023\/02\/icon-color.png"},{"@type":"BreadcrumbList","@id":"https:\/\/multiportalgov.bonasoft.pl\/centrumeuslug\/panel-uzytkownika\/#breadcrumb","itemListElement":[{"@type":"ListItem","position":1,"name":"e-Us\u0142ugi","item":"https:\/\/multiportalgov.bonasoft.pl\/centrumeuslug\/"},{"@type":"ListItem","position":2,"name":"Panel u\u017cytkownika"}]},{"@type":"WebSite","@id":"https:\/\/multiportalgov.bonasoft.pl\/centrumeuslug\/#website","url":"https:\/\/multiportalgov.bonasoft.pl\/centrumeuslug\/","name":"Centrum e-Us\u0142ug","description":"","publisher":{"@id":"https:\/\/multiportalgov.bonasoft.pl\/centrumeuslug\/#organization"},"potentialAction":[{"@type":"SearchAction","target":{"@type":"EntryPoint","urlTemplate":"https:\/\/multiportalgov.bonasoft.pl\/centrumeuslug\/?s={search_term_string}"},"query-input":{"@type":"PropertyValueSpecification","valueRequired":true,"valueName":"search_term_string"}}],"inLanguage":"pl-PL"},{"@type":"Organization","@id":"https:\/\/multiportalgov.bonasoft.pl\/centrumeuslug\/#organization","name":"Centrum e-Us\u0142ug","url":"https:\/\/multiportalgov.bonasoft.pl\/centrumeuslug\/","logo":{"@type":"ImageObject","inLanguage":"pl-PL","@id":"https:\/\/multiportalgov.bonasoft.pl\/centrumeuslug\/#\/schema\/logo\/image\/","url":"https:\/\/multiportalgov.bonasoft.pl\/centrumeuslug\/wp-content\/uploads\/sites\/19\/2024\/05\/Frame-1.png","contentUrl":"https:\/\/multiportalgov.bonasoft.pl\/centrumeuslug\/wp-content\/uploads\/sites\/19\/2024\/05\/Frame-1.png","width":248,"height":62,"caption":"Centrum e-Us\u0142ug"},"image":{"@id":"https:\/\/multiportalgov.bonasoft.pl\/centrumeuslug\/#\/schema\/logo\/image\/"}}]}},"uagb_featured_image_src":{"full":false,"thumbnail":false,"medium":false,"medium_large":false,"large":false,"thumblist":false,"thumbrelated":false,"meccarouselthumb":false,"gridsquare":false,"tileview":false,"1536x1536":false,"2048x2048":false,"tainacan-small":false,"tainacan-medium":false,"tainacan-medium-full":false,"tainacan-large-full":false},"uagb_author_info":{"display_name":"Administrator","author_link":"https:\/\/multiportalgov.bonasoft.pl\/centrumeuslug\/author\/jragin\/"},"uagb_comment_info":0,"uagb_excerpt":"Moje dane Tutaj sprawdzisz szczeg\u00f3\u0142y swojego konta jako Podatnik Przejd\u017a do swoich danych kontrahenta Moje powiadomienia Tutaj skonfigurujesz i sprawdzisz swoje powiadomienia Przejd\u017a do swoich powiadomie\u0144 Powi\u0105\u017c konto Je\u015bli na twojej li\u015bcie podmiot\u00f3w czego\u015b brakuje, z\u0142\u00f3\u017c wniosek o powi\u0105zanie konta. Przejd\u017a do formularzy Moje nale\u017cno\u015bci podatkowe Tutaj sprawdzisz szczeg\u00f3\u0142y swojego konta jako Podatnik Przejd\u017a do&hellip;","_links":{"self":[{"href":"https:\/\/multiportalgov.bonasoft.pl\/centrumeuslug\/wp-json\/wp\/v2\/pages\/188","targetHints":{"allow":["GET"]}}],"collection":[{"href":"https:\/\/multiportalgov.bonasoft.pl\/centrumeuslug\/wp-json\/wp\/v2\/pages"}],"about":[{"href":"https:\/\/multiportalgov.bonasoft.pl\/centrumeuslug\/wp-json\/wp\/v2\/types\/page"}],"author":[{"embeddable":true,"href":"https:\/\/multiportalgov.bonasoft.pl\/centrumeuslug\/wp-json\/wp\/v2\/users\/2"}],"replies":[{"embeddable":true,"href":"https:\/\/multiportalgov.bonasoft.pl\/centrumeuslug\/wp-json\/wp\/v2\/comments?post=188"}],"version-history":[{"count":8,"href":"https:\/\/multiportalgov.bonasoft.pl\/centrumeuslug\/wp-json\/wp\/v2\/pages\/188\/revisions"}],"predecessor-version":[{"id":935,"href":"https:\/\/multiportalgov.bonasoft.pl\/centrumeuslug\/wp-json\/wp\/v2\/pages\/188\/revisions\/935"}],"wp:attachment":[{"href":"https:\/\/multiportalgov.bonasoft.pl\/centrumeuslug\/wp-json\/wp\/v2\/media?parent=188"}],"curies":[{"name":"wp","href":"https:\/\/api.w.org\/{rel}","templated":true}]}}